{"id":10105,"date":"2024-12-18T11:33:17","date_gmt":"2024-12-18T10:33:17","guid":{"rendered":"https:\/\/www.kraeuter-hebel.de\/shop\/product\/cranberries-getrocknet-1-kg\/"},"modified":"2025-07-13T15:23:49","modified_gmt":"2025-07-13T13:23:49","slug":"cranberries-getrocknet-1-kg","status":"publish","type":"product","link":"https:\/\/www.kraeuter-hebel.de\/shop\/produkt\/cranberries-getrocknet-1-kg\/","title":{"rendered":"Cranberries getrocknet 1 kg"},"content":{"rendered":"<p><span style=\"font-size: medium\"><b>Cranberries ungeschwefelt<\/b><\/span><\/p>\n<p><span style=\"font-size: small\">Cranberries sind lecker. Pur genossen eine K\u00f6stlichkeit. Zu Salaten, ins M\u00fcsli, f\u00fcr Kuchen, Marmeladen, zum Verfeinern von Rotkohl und Sauerbraten eine Delikatesse.<br \/>\nCranberries sind gesund, denn sie sind ballaststoffreich, fettarm und enthalten viel nat\u00fcrliches Vitamin C, Kalzium und Kalium.<\/span><\/p>\n<p>Zutaten: Cranberries, Zucker, pflanzl. \u00d6l<\/p>\n<p>Durchschnittlich N\u00e4hrwerte pro 100 g:<\/p>\n<table border=\"1\" cellspacing=\"0\" cellpadding=\"0\" align=\"left\">\n<tbody>\n<tr>\n<td>Brennwert<\/td>\n<td>1419 kj (338 kcal)<\/td>\n<\/tr>\n<tr>\n<td>Eiwei\u00df<\/td>\n<td>0,4 g<\/td>\n<\/tr>\n<tr>\n<td>Kohlenhydrate<\/td>\n<td>82,9 g<\/td>\n<\/tr>\n<tr>\n<td>\n<ul>\n<li>davon Zucker<\/li>\n<\/ul>\n<\/td>\n<td>73,7 g<\/td>\n<\/tr>\n<tr>\n<td>Fett<\/td>\n<td>0,7 g<\/td>\n<\/tr>\n<tr>\n<td>\n<ul>\n<li>davon ges\u00e4ttigte Fetts\u00e4uren<\/li>\n<\/ul>\n<\/td>\n<td>0,12 g<\/td>\n<\/tr>\n<tr>\n<td>Salz<\/td>\n<td>0,12 g<\/td>\n<\/tr>\n<\/tbody>\n<\/table>\n","protected":false},"excerpt":{"rendered":"<p>Cranberries ungeschwefelt Cranberries sind lecker. Pur genossen eine K\u00f6stlichkeit. Zu Salaten, ins M\u00fcsli, f\u00fcr Kuchen, Marmeladen, zum Verfeinern von Rotkohl und Sauerbraten eine Delikatesse. Cranberries sind gesund, denn sie sind ballaststoffreich, fettarm und enthalten viel nat\u00fcrliches Vitamin C, Kalzium und Kalium. Zutaten: Cranberries, Zucker, pflanzl. \u00d6l Durchschnittlich N\u00e4hrwerte pro 100 g: Brennwert 1419 kj (338 [&hellip;]<\/p>\n","protected":false},"featured_media":6815,"comment_status":"closed","ping_status":"closed","template":"","meta":{"_acf_changed":false},"product_brand":[],"product_cat":[943],"product_tag":[802],"class_list":{"0":"post-10105","1":"product","2":"type-product","3":"status-publish","4":"has-post-thumbnail","6":"product_cat-trockenfruechte-snacks","7":"product_tag-cranberries","9":"first","10":"instock","11":"taxable","12":"shipping-taxable","13":"purchasable","14":"product-type-simple"},"acf":[],"_links":{"self":[{"href":"https:\/\/www.kraeuter-hebel.de\/shop\/wp-json\/wp\/v2\/product\/10105","targetHints":{"allow":["GET"]}}],"collection":[{"href":"https:\/\/www.kraeuter-hebel.de\/shop\/wp-json\/wp\/v2\/product"}],"about":[{"href":"https:\/\/www.kraeuter-hebel.de\/shop\/wp-json\/wp\/v2\/types\/product"}],"replies":[{"embeddable":true,"href":"https:\/\/www.kraeuter-hebel.de\/shop\/wp-json\/wp\/v2\/comments?post=10105"}],"wp:featuredmedia":[{"embeddable":true,"href":"https:\/\/www.kraeuter-hebel.de\/shop\/wp-json\/wp\/v2\/media\/6815"}],"wp:attachment":[{"href":"https:\/\/www.kraeuter-hebel.de\/shop\/wp-json\/wp\/v2\/media?parent=10105"}],"wp:term":[{"taxonomy":"product_brand","embeddable":true,"href":"https:\/\/www.kraeuter-hebel.de\/shop\/wp-json\/wp\/v2\/product_brand?post=10105"},{"taxonomy":"product_cat","embeddable":true,"href":"https:\/\/www.kraeuter-hebel.de\/shop\/wp-json\/wp\/v2\/product_cat?post=10105"},{"taxonomy":"product_tag","embeddable":true,"href":"https:\/\/www.kraeuter-hebel.de\/shop\/wp-json\/wp\/v2\/product_tag?post=10105"}],"curies":[{"name":"wp","href":"https:\/\/api.w.org\/{rel}","templated":true}]}}